ainder when 149197 is divided by 336?
13
What is the remainder when 7145744 is divided by 1512?
32
What is the remainder when 37720607 is divided by 1785?
1772
What is the remainder when 923465 is divided by 767?
764
Calculate the remainder when 16452965 is divided by 73780.
25
Calculate the remainder when 366715265 is divided by 33.
26
What is the remainder when 452471 is divided by 4004?
19
Calculate the remainder when 3740792 is divided by 935196.
8
Calculate the remainder when 12153608 is divided by 14349.
5
What is the remainder when 378347 is divided by 377761?
586
What is the remainder when 263134961 is divided by 1464?
1457
What is the remainder when 2401838944 is divided by 6?
4
What is the remainder when 6170873 is divided by 308542?
33
Calculate the remainder when 2734409 is divided by 151911.
11
Calculate the remainder when 41362705 is divided by 582573.
22
What is the remainder when 39559903 is divided by 62?
59
Calculate the remainder when 303422633 is divided by 20.
13
What is the remainder when 906649 is divided by 15361?
350
Calculate the remainder when 13111048 is divided by 422937.
1
Calculate the remainder when 7335 is divided by 2285.
480
Calculate the remainder when 208490 is divided by 104231.
28
Calculate the remainder when 744242 is divided by 1292.
50
What is the remainder when 884823732 is divided by 185?
182
What is the remainder when 19822495 is divided by 90?
85
Calculate the remainder when 4109730 is divided by 821940.
30
Calculate the remainder when 97471859 is divided by 3413.
3405
What is the remainder when 2224323 is divided by 2224315?
8
Calculate the remainder when 438996 is divided by 1343.
1178
Calculate the remainder when 1074179 is divided by 358052.
23
Calculate the remainder when 37513295 is divided by 2647.
11
What is the remainder when 47469850 is divided by 3231?
3229
What is the remainder when 888345 is divided by 80757?
18
What is the remainder when 334288 is divided by 534?
4
What is the remainder when 979163 is divided by 87?
65
Calculate the remainder when 22813315 is divided by 20.
15
What is the remainder when 28355820 is divided by 5123?
15
Calculate the remainder when 30516671 is divided by 3.
2
Calculate the remainder when 39164507 is divided by 28504.
11
Calculate the remainder when 238005 is divided by 4663.
192
What is the remainder when 155922 is divided by 902?
778
What is the remainder when 746281047 is divided by 95?
92
Calculate the remainder when 8555225 is divided by 57.
38
Calculate the remainder when 36364671 is divided by 22.
13
What is the remainder when 61188 is divided by 36?
24
Calculate the remainder when 2311708 is divided by 88.
36
What is the remainder when 1693768 is divided by 80655?
13
Calculate the remainder when 143990860 is divided by 363.
13
Calculate the remainder when 9939481 is divided by 312.
97
What is the remainder when 29638840 is divided by 348692?
20
Calculate the remainder when 455889 is divided by 151961.
6
Calculate the remainder when 1237253 is divided by 63.
59
Calculate the remainder when 339479 is divided by 1736.
959
What is the remainder when 2483642 is divided by 36?
2
Calculate the remainder when 11919 is divided by 6662.
5257
What is the remainder when 348688383 is divided by 284?
283
Calculate the remainder when 40065989 is divided by 192.
5
Calculate the remainder when 301778267 is divided by 8583.
8570
What is the remainder when 4945455 is divided by 511?
508
What is the remainder when 45570615 is divided by 15190203?
6
What is the remainder when 10568401 is divided by 158?
97
Calculate the remainder when 169583898 is divided by 3416.
3410
What is the remainder when 7188447 is divided by 287?
245
Calculate the remainder when 12153 is divided by 5691.
771
What is the remainder when 10299460 is divided by 595?
10
What is the remainder when 16910145 is divided by 1893?
1869
Calculate the remainder when 21742884 is divided by 12805.
12799
What is the remainder when 266612 is divided by 2902?
2530
What is the remainder when 57727682 is divided by 28863840?
2
What is the remainder when 2869282 is divided by 151013?
35
What is the remainder when 10488262 is divided by 374580?
22
What is the remainder when 916172 is divided by 100?
72
Calculate the remainder when 2844045 is divided by 2908.
21
Calculate the remainder when 3956109 is divided by 989025.
9
Calculate the remainder when 76564 is divided by 3558.
1846
What is the remainder when 8812490 is divided by 1332?
1310
Calculate the remainder when 32982572 is divided by 1599.
1598
Calculate the remainder when 81891 is divided by 55.
51
Calculate the remainder when 1389156 is divided by 1106.
20
Calculate the remainder when 56871336 is divided by 56871330.
6
Calculate the remainder when 119871 is divided by 203.
101
What is the remainder when 423317 is divided by 4324?
3889
Calculate the remainder when 181235229 is divided by 60411742.
3
What is the remainder when 4415480 is divided by 63?
62
Calculate the remainder when 1981820 is divided by 1267.
232
Calculate the remainder when 15194723 is divided by 65.
63
Calculate the remainder when 75127 is divided by 12312.
1255
What is the remainder when 78158837 is divided by 229?
221
Calculate the remainder when 364439 is divided by 19178.
57
What is the remainder when 17821 is divided by 3166?
1991
Calculate the remainder when 171065436 is divided by 5642.
5638
What is the remainder when 12932091 is divided by 293911?
7
Calculate the remainder when 51425 is divided by 8156.
2489
What is the remainder when 4012398 is divided by 280?
278
Calculate the remainder when 110518 is divided by 109566.
952
Calculate the remainder when 3335307 is divided by 157.
156
What is the remainder when 295027 is divided by 97738?
1813
Calculate the remainder when 13974732 is divided by 6987357.
18
Calculate the remainder when 149723 is divided by 36.
35
What is the remainder when 138519 is divided by 1504?
151
What is the remainder when 21743432 is divided by 4546?
4460
Calculate the remainder when 1340069 is divided by 216.
5
What is the remainder when 7564794 is divided by 2304?
762
What is the remainder when 2183147 is divided by 218306?
87
Calculate the remainder when 5272742 is divided by 479338.
24
What is the remainder when 360938 is divided by 162?
2
What is the remainder when 26552 is divided by 26185?
367
Calculate the remainder when 111221563 is divided by 201854.
9
What is the remainder when 4121535 is divided by 412153?
5
Calculate the remainder when 6631666 is divided by 7605.
106
What is the remainder when 56519774 is divided by 15?
14
Calculate the remainder when 12767097 is divided by 12.
9
Calculate the remainder when 1295457 is divided by 1422.
15
Calculate the remainder when 2364645 is divided by 38763.
102
What is the remainder when 25672633 is divided by 353?
2
Calculate the remainder when 51634312 is divided by 86.
84
Calculate the remainder when 36319508 is divided by 3147.
3128
What is the remainder when 42659 is divided by 9899?
3063
Calculate the remainder when 884692 is divided by 3429.
10
What is the remainder when 95516 is divided by 163?
161
What is the remainder when 1522079 is divided by 76077?
539
Calculate the remainder when 1082436 is divided by 7898.
410
What is the remainder when 28726767 is divided by 527?
524
What is the remainder when 1952966 is divided by 177542?
4
Calculate the remainder when 56060264 is divided by 466.
464
Calculate the remainder when 77627514 is divided by 183.
12
Calculate the remainder when 769046 is divided by 3923.
138
Calculate the remainder when 17954088 is divided by 17954079.
9
What is the remainder when 824930 is divided by 74993?
7
What is the remainder when 11072904 is divided by 1366?
108
Calculate the remainder when 3208928 is divided by 41674.
30
Calculate the remainder when 275781034 is divided by 22.
12
What is the remainder when 1203930694 is divided by 3245?
3244
What is the remainder when 587976 is divided by 2481?
2460
Calculate the remainder when 2528101 is divided by 1836.
1765
Calculate the remainder when 2966683 is divided by 593303.
168
Calculate the remainder when 131673 is divided by 130991.
682
Calculate the remainder when 252957 is divided by 28095.
102
What is the remainder 